+ (-40 - 121)).
126
711 - 685 - (44 - 1)
-17
What is the value of (1086 - 1104) + -6 + -1 + 1 + 9?
-15
Calculate (-96 - (66 + -130)) + 25.
-7
Calculate -23 + 116 + 11 - 71.
33
What is -2 + (2 - 1) - -69 - (-87785 - -87781)?
72
Evaluate -21 - (12 - 29 - (9 - 9)) - (1 + 3).
-8
Evaluate (-50 - (-4 - -15)) + 14 + 21.
-26
Evaluate 14 + -21 - (-149 + 32) - (9 + -11).
112
What is the value of -7 + 3 + -2 + -41 + -79 + 21 + 50?
-55
Calculate 22 - -5 - (384 - 365) - -31.
39
-10 - (9 - (0 - 9) - (31 + -18))
-15
21 + (2 - 11) + 20 + -3
29
Calculate -687 - -686 - (2 - (-3 + 5 - -9)).
8
-44 - -1 - (31 + 39 - 83)
-30
What is 14 + (3 - 31) - (-4 - -1 - 22)?
11
What is (-6 - -7 - 41) + (3 + 8 - 11)?
-40
What is (-2 - (-2 - 7)) + 3 + 71 + -18?
63
Calculate (0 - 5) + -58 + 83 + 28.
48
What is the value of -47 + (-76 - (116 + -181))?
-58
Evaluate 5 - 8 - 7 - ((-3 - -7) + (-12 - 1)).
-1
What is (-7 - (-15 + 1 + (-325 - -331))) + 0 + -26?
-25
Calculate -42 - (-102 + (132 - 27)).
-45
Evaluate 56 + -50 + (45 - 34) + 2 + -11 - 62.
-54
What is -142 - (96 - 220) - (51 + 1)?
-70
Evaluate -7214 + 7122 + (19 - 0).
-73
What is (-63 + -6 - (268 + -277)) + -19?
-79
(-49 - -52 - 69) + -20 + (9 - 6)
-83
Calculate -11 - -3 - 1 - (-57 - -105 - 64).
7
What is 21 - (60 - 99 - -38)?
22
What is the value of 30 - ((207 - (21 - -20)) + -15)?
-121
Calculate (2 - 4) + 25 - (-6242 + 6211).
54
-4 - (6 + -9 + 1) - 62 - (-12 + 11)
-63
Calculate 2 + -12 + (68 - 46).
12
Calculate -11 + (32 + 4 - -25).
50
Calculate (34 - -42) + -2 - -74.
148
Calculate 39 + -72 - (5 + -2) - -16.
-20
What is (-10 + -18 - -14) + -1 + (-4 - 35)?
-54
Calculate 2 + -4 - -5 - (-122 + 155 - 48).
18
What is 125 + -39 + -61 - -29?
54
What is the value of 8 - (2 + (2 - 1) - (-5 - 2))?
-2
Evaluate 2 + -40 + (13 - (8 - 12) - 13) + -1.
-35
What is the value of -69 - -104 - (-4 - 19) - (-35 - -15)?
78
Evaluate (-15 - -6) + -5 + (-44 - -25).
-33
What is 10 + (-15 - (-23 + -13 + 24 + -13))?
20
Evaluate 33 + (-18 - -5) - 13 - (0 + 1 - 21).
27
Calculate (-1 - 2 - 73) + (-45 - (-112 - -86)).
-95
What is the value of (8 - (-21 + 28) - -13) + -14?
0
What is the value of (162 - 56) + -55 + -43?
8
Evaluate 16 + 0 + (33 - 40) - -17.
26
What is 65 + -48 + -3 + -21?
-7
Evaluate -2 - (-13 + 6) - (239 + -209).
-25
What is the value of (1 - 0) + -13 + 9 + (725 - 597) + -11?
114
Evaluate 109 - (-94 + 135 + -77).
145
-20 + (5 - 12) - (28 + -29 + (0 - -9))
-35
49 + -53 + (11 - 2) + -15 + 36
26
What is the value of (-15 + -4 - -17) + 46 - 1?
43
Calculate (-266 + 310 - (-3 - -43)) + -32.
-28
Evaluate 10 + -40 + 9 - (2 - ((3 - -13) + -2)).
-9
Evaluate -1 + 9 + (-10 - (8 + 9 + -5 + -41)).
27
What is -96 + 212 - (3 - 0) - 1?
112
11 + (-52 - (26 - 77))
10
Calculate 4 + -3 + 146 + 12475 + -12512.
110
Calculate 12 + -73 + 16 + 95.
50
What is 99 - (5 - 16 - 11 - (-15 + 11))?
117
Evaluate (26 - (32 - 98)) + (-22 - 27).
43
What is the value of -5 + -3 + -8 + 3 - -16 - -71?
74
Calculate -79 + (1 + -21 - (-2 - -1 - 20)).
-78
(7 + -146 - -4) + (4 - (-37 + 22))
-116
Evaluate -9 + (5 + -7 + 12 - (27 + -21)).
-5
What is 4 - (-20 - -11) - -1 - -17?
31
What is -11 - -7 - (-7 - (-70 + 26))?
-41
Evaluate 13 + (12 - (-38 + -21) - 26).
58
Evaluate (0 - -3) + 104 + -149.
-42
Evaluate -15 - (-13 - -6 - 6) - 10 - 11.
-23
Evaluate 44 + 1 + -4 + -13 + (-6 - -35).
57
Evaluate -77 - (15 - 96) - (-2 + 31).
-25
Evaluate -64 + 135 + -71 - (31 - (1 - (4 + -1))).
-33
What is 35 - -10 - (7 - 0 - (-18 + 12))?
32
123 + -278 + (73 - -21)
-61
Calculate (9 - 2) + (-78 - -95) - (-1 + 3).
22
-5 + 1 - (13 + 15 - 48 - (-3 + -12))
1
What is (-7 - (12 + -36)) + (10 - -9)?
36
(23 - 25) + -16 + 24 + -30
-24
What is the value of -5 - (-54 - -6) - 44?
-1
What is 22 + (40 - (-15 - -55))?
22
Evaluate (-5 - -5) + (-77 - -45 - -30 - (-2 + -2)).
2
-45 - (19 - (20 - 20) - 35)
-29
Evaluate -11 - (551 - 477 - (17 + 3 + -2)).
-67
What is the value of -62 + (-2 - -2) + -2 - (49 + 83 + -138)?
-58
Calculate 1 + (-9 + -2 - 0) + 0 - (25 - -47).
-82
What is -3 + -43 + (-376 - -376)?
-46
(-12 - 1) + 3456 + -3468
-25
What is (-47 - -54) + -24 + -3?
-20
What is 150 - 147 - (-8 + (8 - 41))?
44
Evaluate (27 - -21) + -20 + (2 - -13).
43
What is 1 + -17 + (1635 - 1654)?
-35
Evaluate (-49 - 5) + (114 - 121) - -24.
-37
Calculate 4 + 22 + 17 - 15 - 2.
26
49 - 69 - (-32 + 57)
-45
Calculate 17 + (7 - (-11 + -8 + 9)).
34
What is 2 - 68 - (-1444 - -1427)?
-49
Calculate (-347 - -374) + (-5 - 29).
-7
Calculate 132 - 148 - (11 - 0 - -44).
-71
Evaluate 5 + (-2 - -1) + (-14 + -3 - (96 - 150)).
41
What is 14 - (-9 + -32 + 9 + 16)?
30
What is 0 + 1 + 5 + (-10 - 1) - 12?
-17
-1982 + 2008 - (-1 - ((1 - (-3 - -4)) + -7))
20
What is (-3 + 8 + (-11 - -1) - -7) + 7?
9
Evaluate 39 + (1 - -3 - -5).
48
Calculate 81 + 3 + (16 - (-8 + 31)) + 5.
82
Calculate -3 - ((181 - 177) + (2 - 7)).
-2
What is the value of 5 - -49 - (-1903 + 1933)?
24
Calculate 9 - (-2 + 1 + 11) - -37.
36
0 + (-3 - -18) - (-86 - -87)
14
What is the value of 0 + -15 + 53 + -82 + 39 + -1 + 121?
115
Evaluate -16 - -94 - (0 - (0 + -12) - 15).
81
What is the value of -97 - (-4 - ((-12 + 21 - 4) + -21))?
-109
What is the value of 0 + 39 - (55 + -49)?
33
Calculate 41 + 12 + -4 + -25 + 1.
25
33 + (2 - (-41 + 39))
37
-9 - ((-10 - (-6 - 17)) + (0 - -4) + 7)
-33
Calculate 3 + -28 + (-11 + 35 - 13) - 6.
-20
What is the value of 7 + 12 + (-6 - -3) + (-15 - 39)?
-38
Evaluate -19 + -28 + 24 + -12 + 6 + -5 + 9.
-25
127 + (15 - -1 - (-37 + 78 - 9))
111
(91 - 105) + (12 - (4 + -9))
3
Evaluate 147 + -79 + -34 + -3 + -182.
-151
What is -53 - (-206 - -66 - 24)?
111
Evaluate 4 + -37 + 5 + 5 + 0 + -244 + 248.
-19
(-2 - 81) + 5 + (-86 - -101) + 0
-63
6 + -50 - (-36 - 2)
-6
What is the value of -19 - (1 + -6 + -43 + (22 - 5))?
12
Evaluate (34 + -207 - -29) + 67.
-77
What is (-3 - 6) + -8 + 7 + (-103 - -84)?
-29
What is the value of -51 - -31 - -68 - 73?
-25
Evaluate 105 - 95 - -13 - 145.
-122
-4 - (31 + (3 - -18 - -53))
-109
Evaluate -18 + 1 + -12 + -1 - (-12 + -1).
-17
What is (27 + 54 - 6) + -15 + -38?
22
What is the value of -240 - -220 - (-129 - (8 - 4)) - -18?
131
What is the value of 7 + 4 + 7 - (6 + -13 + (-5 - -7))?
23
239 + -229 - (-2 + 4) - (-4 + 5 + 57)
-50
Calculate 121 + (1438 - 1464 - ((5 - 2) + -15)).
107
-31 - 1 - (29 - 11 - -2 - 21)
-31
What is -10 + (-14 - (-8 - -14 - 23))?
-7
40 - (-53 - -33) - 138
-78
What is 6 + 16 + 25 - 28?
19
What is 2 + 1 - (-33 + 47) - -3?
-8
Calculate -14 + (65 - 14 - -31).
68
Calculate (-28 - -159) + -205 + 2.
-72
-6 + 6 - (42 + 0 + 11)
-53
Evaluate -42 + 47 + -53 + 11.
-37
What is 95 + -99 + 83 + (0 - 1) - (236 + -233)?
75
Evaluate -12 - -3 - -1 - (104 - 115) - (1 + -9).
11
Calculate -18 + (0 - (-47 + -3)).
32
What is -882 + 834 - (5 - (1 + 1)) - -5?
-46
12 - (-28 - (20 + -34 - -4))
30
Calculate -21 - (54 + (-6 - (11 + -9)) - -18).
-85
What is -14 + -1 + 25 + -24 + 1?
-13
What is the value of 65 + (-10 + (0 + 10 - (33 - 18)) - -6)?
56
Calculate -7 + (43 - 30) + -24.
-18
What is the value of -3 - (-8 - (-1 - -6)) - (-77 - (-16 - 208))?
-137
What is -3 - 0 - (0 + 13) - (12 - 3)?
-25
What is -26 - ((-21 - (-33 - 12)) + -18)?
-32
What is the value of -4 - 43 - (24 + -31 + -15)?
-25
(0 - 3) + -5 + (566 - 510)
48
-58 + -6 + 69 + -21 + -22
-38
(10 + -2 - 8 - 19 - (-1 - 4)) + 120
106
What is the value of 2 - 107 - ((217 - 42) + -201)?
-79
Evaluate 130 + -2 + -1 + -108 + -66 + 160.
113
What is the value of -5 + 35 + -17 + 14 + -36?
-9
Evaluate (-28 - 18 - (-110 + 96)) + -40.
-72
What is -1 + 34 + (-3 - (-6 + 15))?
21
Calculate 20 - 0 - (-4 + 70 + -21 - 29).
4
Evaluate -2 + (12 - (-2 - -11 - (-14 - -26 - -33))).
46
Evaluate -1 - (18 + -35 + 15 + 1 + -40 - -7).
33
What is 77 + (-86 + -10 + 49 - -70)?
100
Calculate 280 - (251 - -3) - (1 + 109).
-84
What is 8 + -8 + 10 + -7 + 10 + -15?
-2
-12 + (-7 + -6 - -49) - -22
46
Evaluate -21 + (-1 - -15) + -7 + 17 + 20.
23
-32 + 24 - (6 - -1) - (18 + -46) - 147
-134
Calculate -99 - (-10 + 2 - 60).
-31
Calculate -5930 - -5966 - (86 + 0).
-50
-24 - (-11 + 58) - -74
3
Calculate 42 + (-125 + 25 - -83).
25
6 + -7 + -8 - -5 - (-19 - (21 - -18))
54
Calculate (-37 - -127) + 34 + -68.
56
131 + -68 + 6 + -62
7
Calculate (20 - -1) + -21 + (-47 + 19 + 6 - -57).
35
Evaluate (7 - (-11 - ((17 - 4) + -32))) + -38.
-39
Calculate 48